{"id":5501,"date":"2025-09-25T23:22:05","date_gmt":"2025-09-26T02:22:05","guid":{"rendered":"http:\/\/cooperjalesobjetivo.educacao.ws\/?page_id=5501"},"modified":"2025-11-20T15:16:31","modified_gmt":"2025-11-20T18:16:31","slug":"historia-2","status":"publish","type":"page","link":"https:\/\/cooperjalesobjetivo.com.br\/novo\/historia-2\/","title":{"rendered":"Hist\u00f3ria"},"content":{"rendered":"\t\t<div data-elementor-type=\"wp-page\" data-elementor-id=\"5501\" class=\"elementor elementor-5501\">\n\t\t\t\t<div class=\"elementor-element elementor-element-5093181 e-flex e-con-boxed e-con e-parent\" data-id=\"5093181\" data-element_type=\"container\">\n\t\t\t\t\t<div class=\"e-con-inner\">\n\t\t\t\t<div class=\"elementor-element elementor-element-ba8d149 elementor-widget elementor-widget-heading\" data-id=\"ba8d149\" data-element_type=\"widget\" data-widget_type=\"heading.default\">\n\t\t\t\t\t<h2 class=\"elementor-heading-title elementor-size-default\">Hist\u00f3ria<\/h2>\t\t\t\t<\/div>\n\t\t\t\t\t<\/div>\n\t\t\t\t<\/div>\n\t\t<div class=\"elementor-element elementor-element-0b617d5 e-flex e-con-boxed e-con e-parent\" data-id=\"0b617d5\" data-element_type=\"container\">\n\t\t\t\t\t<div class=\"e-con-inner\">\n\t\t\t\t<div class=\"elementor-element elementor-element-1f20e01 elementor-widget elementor-widget-text-editor\" data-id=\"1f20e01\" data-element_type=\"widget\" data-widget_type=\"text-editor.default\">\n\t\t\t\t\t\t\t\t\t<p>A Escola Integrada Rui Barbosa, mantida pela Cooperativa Regional de Ensino de Jales, foi criada por um grupo de pais idealistas, em assembl\u00e9ia realizada em 11\/10\/1991. Muito trabalho e muitas reuni\u00f5es foram necess\u00e1rios para a concretiza\u00e7\u00e3o desse sonho.<\/p><p>Por meio da Portaria do Diretor Regional de Ensino \u2013 Divis\u00e3o de S\u00e3o Jos\u00e9 do Rio Preto, de 04\/02, publicada no Di\u00e1rio Oficial de 07\/02\/92, foi autorizado o funcionamento da escola, na Rua Bel\u00e9m, n\u00ba 2385, Jardim Paulo VI em Jales. Iniciaram-se as atividades em pr\u00e9dio alugado, com aproximadamente 372 alunos (da Educa\u00e7\u00e3o Infantil \u00e0 3\u00aa s\u00e9rie do Ensino M\u00e9dio). Optou-se\u00a0 pela\u00a0 franquia Objetivo e abriram-se suas portas para crian\u00e7as e jovens da cidade e regi\u00e3o.<\/p><p>Em rela\u00e7\u00e3o ao nome da unidade escolar, os cooperados escolheram\u00a0<strong>Escola Integrada Rui Barbosa<\/strong>\u00a0por duas raz\u00f5es.\u00a0<strong>Integrada<\/strong>\u00a0porque o grupo de pais que idealizou a escola sonhava com a possibilidade de a institui\u00e7\u00e3o oferecer a seus filhos um ensino de muita qualidade, da educa\u00e7\u00e3o infantil at\u00e9 o ensino superior (especialmente curso de Direito). O nome patron\u00edmico \u201cRui Barbosa\u201d adv\u00e9m da homenagem a um dos mais importantes personagens da hist\u00f3ria do Brasil. Rui Barbosa era dotado n\u00e3o apenas de intelig\u00eancia privilegiada, mas tamb\u00e9m de grande capacidade de trabalho.<\/p><p>Essas duas caracter\u00edsticas permitiram-lhe deixar marcas profundas em v\u00e1rias \u00e1reas de atividade profissional: no campo do direito &#8211; seja como advogado, seja, como jurista do jornalismo, da diplomacia e da pol\u00edtica. Participou de todas as grandes quest\u00f5es de sua \u00e9poca, entre as quais a Campanha Abolicionista, a defesa da Federa\u00e7\u00e3o, a pr\u00f3pria funda\u00e7\u00e3o da Rep\u00fablica e a Campanha Civilista. Rui representou o Brasil com brilhantismo na Segunda Confer\u00eancia Internacional da Paz, em Haia e, j\u00e1 no final de sua vida, foi eleito Juiz da Corte Internacional de Haia, um cargo de enorme prest\u00edgio. Em suma, Rui foi um cidad\u00e3o exemplar, e ainda hoje sua mem\u00f3ria \u00e9 fonte de inspira\u00e7\u00e3o para um grande n\u00famero de brasileiros.<\/p><p>O trabalho volunt\u00e1rio de muitos pais n\u00e3o parou por ai. Iniciou-se a terraplanagem. Foi preciso muito trabalho volunt\u00e1rio, muito empenho para que o pr\u00e9dio fosse constru\u00eddo em tempo recorde (aproximadamente 03 anos) e inaugurado em junho de 1995 pelo Ministro da Educa\u00e7\u00e3o, Paulo Renato de Souza, visita in\u00e9dita na regi\u00e3o.<br \/><br \/><\/p><p><strong>O desafio da renova\u00e7\u00e3o e a solidez da tradi\u00e7\u00e3o<\/strong><\/p><p>O mundo atual imp\u00f5e a educadores, crian\u00e7as e jovens a tarefa de absorver as novas tecnologias, sem as quais qualquer atividade profissional e at\u00e9 mesmo a vida cotidiana se tornar\u00e3o invi\u00e1veis.<br \/>As perspectivas que se abrem nos mais diversos campos do saber implicam um modelo educacional permanentemente aberto ao novo, ao din\u00e2mico, ao interativo \u2013 atento a uma realidade que se transforma a cada momento.<br \/>Formar o indiv\u00edduo para um mundo globalizado e para os seus novos par\u00e2metros envolve a capacidade de utiliza\u00e7\u00e3o dos recursos infind\u00e1veis da inform\u00e1tica, da computa\u00e7\u00e3o, que acenam para uma revolu\u00e7\u00e3o cultural t\u00e3o transformadora quanto o foi, no seu tempo, a inven\u00e7\u00e3o da imprensa.<\/p><p>A absor\u00e7\u00e3o do novo, contudo, n\u00e3o pode prescindir de uma s\u00f3lida forma\u00e7\u00e3o, de uma compreens\u00e3o l\u00facida das novas realidades e do dom\u00ednio de equipamentos b\u00e1sicos para a vida: a compet\u00eancia linguistica, o racioc\u00ednio l\u00f3gico e matem\u00e1tico, a inicia\u00e7\u00e3o cient\u00edfica, a consci\u00eancia do meio ambiente, a vis\u00e3o hist\u00f3rica, a experi\u00eancia art\u00edstica, a forma\u00e7\u00e3o \u00e9tica e a constru\u00e7\u00e3o da cidadania, al\u00e9m do dom\u00ednio de recursos tecnol\u00f3gicos, passaporte privilegiado para o mundo futuro.Esses s\u00e3o os caminhos. S\u00e3o esses os ideais que alimentam nossa proposta educacional.<\/p>\t\t\t\t\t\t\t\t<\/div>\n\t\t\t\t\t<\/div>\n\t\t\t\t<\/div>\n\t\t<div class=\"elementor-element elementor-element-a83cff8 e-flex e-con-boxed e-con e-parent\" data-id=\"a83cff8\" data-element_type=\"container\">\n\t\t\t\t\t<div class=\"e-con-inner\">\n\t\t\t\t<div class=\"elementor-element elementor-element-a42b8e6 elementor-widget elementor-widget-video\" data-id=\"a42b8e6\" data-element_type=\"widget\" data-settings=\"{&quot;youtube_url&quot;:&quot;https:\\\/\\\/youtu.be\\\/wBWERwZNFlk&quot;,&quot;video_type&quot;:&quot;youtube&quot;,&quot;controls&quot;:&quot;yes&quot;}\" data-widget_type=\"video.default\">\n\t\t\t\t\t\t\t<div class=\"elementor-wrapper elementor-open-inline\">\n\t\t\t<div class=\"elementor-video\"><\/div>\t\t<\/div>\n\t\t\t\t\t\t<\/div>\n\t\t\t\t\t<\/div>\n\t\t\t\t<\/div>\n\t\t\t\t<\/div>\n\t\t","protected":false},"excerpt":{"rendered":"<p>Hist\u00f3ria A Escola Integrada Rui Barbosa, mantida pela Cooperativa Regional de Ensino de Jales, foi criada por um grupo de pais idealistas, em assembl\u00e9ia realizada em 11\/10\/1991. Muito trabalho e muitas reuni\u00f5es foram necess\u00e1rios para a concretiza\u00e7\u00e3o desse sonho. Por meio da Portaria do Diretor Regional de Ensino \u2013 Divis\u00e3o de S\u00e3o Jos\u00e9 do Rio&#8230;<\/p>\n","protected":false},"author":1,"featured_media":0,"parent":0,"menu_order":0,"comment_status":"closed","ping_status":"open","template":"","meta":{"footnotes":""},"class_list":["post-5501","page","type-page","status-publish","hentry"],"_links":{"self":[{"href":"https:\/\/cooperjalesobjetivo.com.br\/novo\/wp-json\/wp\/v2\/pages\/5501","targetHints":{"allow":["GET"]}}],"collection":[{"href":"https:\/\/cooperjalesobjetivo.com.br\/novo\/wp-json\/wp\/v2\/pages"}],"about":[{"href":"https:\/\/cooperjalesobjetivo.com.br\/novo\/wp-json\/wp\/v2\/types\/page"}],"author":[{"embeddable":true,"href":"https:\/\/cooperjalesobjetivo.com.br\/novo\/wp-json\/wp\/v2\/users\/1"}],"replies":[{"embeddable":true,"href":"https:\/\/cooperjalesobjetivo.com.br\/novo\/wp-json\/wp\/v2\/comments?post=5501"}],"version-history":[{"count":7,"href":"https:\/\/cooperjalesobjetivo.com.br\/novo\/wp-json\/wp\/v2\/pages\/5501\/revisions"}],"predecessor-version":[{"id":6142,"href":"https:\/\/cooperjalesobjetivo.com.br\/novo\/wp-json\/wp\/v2\/pages\/5501\/revisions\/6142"}],"wp:attachment":[{"href":"https:\/\/cooperjalesobjetivo.com.br\/novo\/wp-json\/wp\/v2\/media?parent=5501"}],"curies":[{"name":"wp","href":"https:\/\/api.w.org\/{rel}","templated":true}]}}